of 47444 and 47038?
58
What is the greatest common divisor of 41475 and 151200?
525
What is the greatest common factor of 9320 and 351112?
8
What is the greatest common factor of 696844181 and 20845?
4169
What is the highest common factor of 190 and 277114?
2
What is the highest common factor of 744 and 124901136?
24
Calculate the highest common divisor of 1367352944 and 5521.
5521
Calculate the highest common factor of 23413381 and 2206.
1103
Calculate the highest common divisor of 38080 and 2074816.
1088
What is the greatest common factor of 13347525 and 65?
5
Calculate the highest common divisor of 294 and 70302.
6
What is the highest common divisor of 644039 and 1936?
11
Calculate the highest common factor of 1023168 and 150.
6
What is the highest common factor of 491650 and 8650?
50
What is the greatest common divisor of 39072 and 8700180?
444
Calculate the highest common divisor of 560925 and 324000.
2025
What is the greatest common divisor of 81490282 and 1649?
1649
What is the greatest common divisor of 2 and 310321?
1
Calculate the highest common factor of 8500 and 15925.
25
What is the highest common divisor of 5052765 and 14155?
95
What is the highest common divisor of 210 and 9910551?
21
Calculate the highest common divisor of 1028 and 58278862.
514
What is the highest common factor of 1473327 and 478219?
1289
Calculate the highest common divisor of 269826 and 276.
6
What is the highest common divisor of 157495728 and 343551?
14937
What is the highest common factor of 14 and 69888182?
14
Calculate the greatest common divisor of 1995 and 347595.
15
Calculate the highest common divisor of 56 and 932744.
8
What is the highest common factor of 19209 and 102229287?
1011
Calculate the highest common divisor of 612735 and 6285.
15
What is the highest common divisor of 7339662 and 69806?
418
Calculate the highest common factor of 20874 and 622692.
294
Calculate the highest common factor of 375 and 1725.
75
What is the greatest common divisor of 2799898 and 126?
2
What is the highest common factor of 99 and 11569745?
11
What is the greatest common divisor of 147504 and 3949683?
1317
What is the greatest common divisor of 153507359 and 184?
23
What is the highest common factor of 472 and 1714335152?
472
What is the highest common divisor of 10216116 and 99?
9
What is the highest common factor of 1517461 and 15851?
121
What is the highest common factor of 76 and 365021825?
19
Calculate the highest common divisor of 175421 and 377522.
667
What is the highest common divisor of 12722000 and 634000?
2000
What is the greatest common divisor of 17457585 and 73?
73
Calculate the highest common factor of 5562 and 755505.
927
What is the greatest common factor of 4262872 and 4185?
31
What is the greatest common divisor of 4018677 and 18?
3
What is the highest common divisor of 288 and 59498424?
72
What is the greatest common divisor of 6860 and 16392313?
343
Calculate the highest common divisor of 936091408 and 5754.
1918
Calculate the greatest common factor of 621 and 8031258.
27
Calculate the highest common divisor of 1395 and 160859.
31
Calculate the highest common divisor of 5888188 and 49575.
661
What is the highest common divisor of 1219044 and 84738?
174
What is the highest common factor of 675010711 and 30455?
6091
What is the greatest common divisor of 131683 and 3626?
37
Calculate the greatest common factor of 3138642 and 374.
34
Calculate the greatest common factor of 6355 and 7062660.
205
Calculate the highest common factor of 111628664 and 4786.
4786
Calculate the highest common factor of 1535604 and 40299.
2121
Calculate the greatest common factor of 101991 and 348.
3
What is the highest common factor of 434545 and 29125?
1165
What is the greatest common divisor of 5256 and 6201?
9
What is the highest common divisor of 3206609 and 2560643?
2111
Calculate the greatest common factor of 9358 and 17812953.
4679
Calculate the highest common divisor of 69637899 and 51.
51
What is the greatest common factor of 888 and 285811347?
111
Calculate the greatest common divisor of 16311 and 6423.
3
What is the greatest common divisor of 32045 and 4653155?
1105
Calculate the greatest common factor of 9374573 and 12596.
3149
Calculate the greatest common factor of 15400 and 6643945.
385
What is the greatest common factor of 60 and 3495020?
20
What is the greatest common divisor of 9069246 and 1242?
54
What is the greatest common divisor of 375372 and 144?
36
Calculate the greatest common factor of 9951695 and 23263.
541
Calculate the greatest common factor of 263295 and 585.
45
What is the highest common factor of 14 and 5794414?
2
What is the greatest common divisor of 27 and 509587497?
27
What is the greatest common factor of 1864768 and 3328?
64
Calculate the highest common factor of 490 and 1335790.
10
What is the highest common divisor of 404 and 196832?
4
Calculate the greatest common factor of 9 and 86459067.
9
Calculate the greatest common divisor of 355 and 7901210.
5
What is the highest common factor of 5767236 and 1452?
12
Calculate the greatest common factor of 6747 and 3200327.
2249
Calculate the greatest common factor of 929916 and 2808.
468
What is the greatest common factor of 4396246 and 412?
206
Calculate the greatest common divisor of 453840945 and 345.
345
What is the highest common factor of 1168440002 and 577?
577
What is the greatest common divisor of 2963689 and 2195?
439
What is the greatest common factor of 147273707 and 28?
7
What is the greatest common factor of 4 and 9883632?
4
What is the highest common factor of 1610173 and 13771?
47
What is the highest common factor of 192 and 858804?
12
What is the highest common factor of 9777274 and 52?
26
Calculate the highest common factor of 9828 and 1103882.
26
What is the highest common divisor of 1663893 and 198?
99
What is the greatest common divisor of 162381604 and 88?
44
What is the greatest common factor of 26199686 and 136?
34
Calculate the highest common divisor of 355 and 58184855.
355
Calculate the highest common divisor of 237432904 and 2896.
1448
Calculate the greatest common divisor of 133 and 1016288.
7
Calculate the highest common factor of 4000716 and 722.
38
Calculate the highest common divisor of 207858 and 26058.
606
What is the highest common divisor of 4192600 and 400?
200
Calculate the greatest common factor of 46661104 and 548.
548
Calculate the highest common divisor of 4655020 and 692.
4
What is the highest common factor of 549 and 682587?
9
What is the highest common divisor of 37925578 and 1039?
1039
Calculate the greatest common factor of 4800 and 116.
4
What is the greatest common factor of 642276621 and 2268?
567
Calculate the highest common divisor of 8204997 and 6486.
69
What is the highest common divisor of 25674189 and 4107?
111
Calculate the greatest common divisor of 22579 and 1948025.
67
Calculate the highest common factor of 8531942 and 184.
46
Calculate the highest common divisor of 672 and 55274079.
21
Calculate the highest common divisor of 6645 and 20384202.
1329
Calculate the highest common divisor of 186940969 and 668.
167
Calculate the highest common divisor of 150 and 1309027425.
75
Calculate the greatest common factor of 43 and 57540063.
43
What is the greatest common factor of 68 and 95416648?
68
What is the highest common divisor of 1835667 and 6561?
9
Calculate the greatest common divisor of 292856 and 11944.
8
What is the greatest common factor of 24740 and 87860?
20
What is the greatest common divisor of 1492864 and 2048?
128
Calculate the greatest common divisor of 16712985 and 730.
365
Calculate the greatest common factor of 263276 and 7508429.
5063
What is the highest common factor of 12829294 and 5092?
2546
What is the greatest common divisor of 155 and 16697871?
31
What is the highest common divisor of 276857 and 889?
7
What is the greatest common factor of 36462372 and 24676?
796
What is the highest common divisor of 144444 and 116964?
12
What is the greatest common divisor of 40503837 and 309628?
2497
What is the highest common divisor of 1470 and 1872912?
6
What is the highest common divisor of 3584 and 4991168?
448
What is the highest common factor of 18170 and 2418190?
790
Calculate the highest common factor of 3373